w**3 - 12*w**2 + 35*w - 4. Calculate s(7).
-4
Let u(r) = 3*r**2 + 137*r + 116. Determine u(-40).
-564
Let t(w) = 23*w - 753. Give t(12).
-477
Let y(w) = 6*w**2 - 55*w - 363. Determine y(-6).
183
Let g(a) = -15*a**2 - 270*a - 6. What is g(-18)?
-6
Let l(n) = n**2 + 10*n - 501. Determine l(-31).
150
Let u(x) = 4*x**2 - 196*x + 582. Calculate u(3).
30
Let t(a) = 3336*a - 100077. Give t(30).
3
Let f(v) = v**3 - 5*v**2 - 11*v + 45. Give f(3).
-6
Let n(f) = -47*f + 36. Give n(2).
-58
Let g(a) = -a**3 + 3*a**2 - a + 147. Determine g(0).
147
Let x(p) = 72*p**2 + 140*p - 4. Calculate x(-2).
4
Let a(p) = -p**3 + 14*p**2 - 65*p + 35. Give a(6).
-67
Let t(d) = -d**3 + 17*d**2 + 37*d - 331. Determine t(18).
11
Let s(d) = 12*d**2 - 6*d + 4. What is s(-4)?
220
Let h(x) = -3*x**3 - 3*x**2 + 88*x + 168. Calculate h(-2).
4
Let v(t) = t**2 - 124*t + 2950. Give v(92).
6
Let d(u) = u**3 + 53*u**2 - 55*u - 70. Calculate d(-54).
-16
Let t(h) = -356*h - 28474. Calculate t(-80).
6
Let s(z) = z**3 - 10*z**2 - 16*z + 38. Give s(6).
-202
Let v(l) = -3*l**3 + 56*l**2 + 21*l - 28. What is v(19)?
10
Let g(h) = -10*h - 73. Give g(-21).
137
Let l(b) = -b**3 + 42*b**2 + 186*b - 95. Give l(46).
-3
Let z(a) = -8*a**2 - 491*a - 988. What is z(-2)?
-38
Let i(n) = -2*n**3 + 241*n**2 + 120*n + 193. Determine i(121).
72
Let x(c) = -7*c**2 + 870*c - 52. Determine x(124).
196
Let d(p) = -68*p**2 + 92*p + 255. Give d(-3).
-633
Let b(w) = 288*w - 5666. Give b(19).
-194
Let h(i) = -2*i**3 + 137*i**2 - 69*i + 322. Determine h(68).
254
Let p(y) = -64*y**2 - 560*y + 147. Calculate p(-9).
3
Let m(f) = -f**2 + 10*f + 408. What is m(26)?
-8
Let v(y) = 203*y - 1617. Determine v(8).
7
Let b(t) = -15*t + 513. Calculate b(34).
3
Let w(a) = a**3 + 61*a**2 + 836*a - 66. Give w(-40).
94
Let v(j) = -11*j**2 + 14*j - 20. Calculate v(3).
-77
Let v(u) = 4*u + 33. Determine v(19).
109
Let y(i) = -37*i**3 + 74*i**2 + i - 3. Calculate y(2).
-1
Let f(j) = -j**2 + 542*j - 24595. Give f(50).
5
Let v(g) = g**3 - 2*g**2 + 5*g + 8. What is v(-6)?
-310
Let p(q) = 97*q**2 + 774*q + 61. Determine p(-8).
77
Let t(j) = -112*j - 336. Give t(-3).
0
Let f(i) = -i**2 - 28*i - 80. What is f(-23)?
35
Let r(c) = c**3 - 5*c**2 + 27*c + 79. Determine r(-2).
-3
Let t(w) = w**2 - 62*w + 791. Give t(46).
55
Let w(z) = 9*z**2 + 10*z + 23. Give w(-4).
127
Let q(u) = 2*u**2 + 14*u - 16. What is q(-10)?
44
Let y(m) = -10*m + 14. Give y(-1).
24
Let t(p) = 2*p**3 + 5*p**2 - 11*p - 3. What is t(2)?
11
Let v(i) = 83*i - 892. Give v(10).
-62
Let p(o) = o**3 + 114*o**2 - 845*o - 13. Determine p(7).
1
Let b(h) = -680*h - 3413. Calculate b(-5).
-13
Let a(s) = s**3 + 24*s**2 - 41*s - 222. Give a(-25).
178
Let d(f) = f**3 + 16*f**2 + 2*f + 330. What is d(-17)?
7
Let g(a) = a**2 - 68*a - 8482. What is g(-64)?
-34
Let n(c) = -30*c**3 - 15*c**2 - 14*c + 2. Give n(-1).
31
Let a(g) = -g**3 + 50*g - 18. What is a(7)?
-11
Let u(f) = f**3 - 16*f**2 + 159*f - 3031. Determine u(17).
-39
Let f(b) = b**3 - 17*b**2 + 10*b - 3. Determine f(15).
-303
Let k(l) = -17*l**2 + 553*l + 242. Calculate k(33).
-22
Let a(n) = -2*n**3 - 50*n**2 + 9*n + 180. Give a(-25).
-45
Let s(l) = 168*l - 3061. Give s(18).
-37
Let f(s) = -57*s - 1085. What is f(-19)?
-2
Let p(c) = -3*c**2 - 332*c - 2886. What is p(-101)?
43
Let y(n) = -n**2 - 130*n - 2289. What is y(-21)?
0
Let l(c) = 2*c**2 - 24*c + 70. Calculate l(10).
30
Let z(v) = -v**2 - 28*v + 153. Calculate z(5).
-12
Let d(c) = -6*c**2 + 224*c - 74. What is d(37)?
0
Let h(u) = -40*u - 56. Calculate h(-6).
184
Let r(j) = -j**3 + 292*j**2 - 5434*j - 121. What is r(20)?
-1
Let b(v) = v**3 + 30*v**2 + 8*v + 250. Determine b(-30).
10
Let t(h) = h**3 - 9*h**2 + 19*h - 232. Determine t(8).
-144
Let r(b) = 14*b - 4. Determine r(0).
-4
Let y(t) = 10*t - 37. Calculate y(11).
73
Let m(q) = -q**3 + 24*q**2 - 19*q + 467. Determine m(24).
11
Let i(q) = -q**2 + 69*q - 1175. Calculate i(37).
9
Let n(d) = d**3 + 5*d**2 - 112*d - 2. Give n(-14).
-198
Let y(c) = -32*c**2 + 29*c - 95. What is y(3)?
-296
Let k(f) = -f**2 + 21*f + 87. Calculate k(25).
-13
Let p(u) = 93*u - 14423. Determine p(155).
-8
Let s(x) = 272*x - 549. What is s(2)?
-5
Let h(p) = p**2 - 3*p + 10. What is h(11)?
98
Let u(r) = r**3 - 14*r**2 + 60*r + 2. Calculate u(12).
434
Let p(b) = -21*b + 155. What is p(7)?
8
Let h(y) = -y**3 + 5*y**2 + 5*y - 22. What is h(7)?
-85
Let q(d) = -5*d**2 - 292*d - 54. Calculate q(-56).
618
Let z(p) = 8*p**3 - 127*p**2 - 27*p + 25. Determine z(16).
-151
Let q(r) = -105*r - 2197. What is q(-21)?
8
Let n(k) = -2*k**2 - 233*k + 116. Determine n(-117).
-1
Let g(n) = -34*n + 56. Determine g(10).
-284
Let j(n) = n - 58. Give j(25).
-33
Let s(v) = -29*v - 231. Determine s(-6).
-57
Let d(y) = -992*y - 1988. What is d(-2)?
-4
Let k(t) = 3*t**2 - 335*t - 13275. Give k(-31).
-7
Let m(w) = -w**3 - 67*w**2 + 144*w + 411. What is m(-69)?
-3
Let v(k) = 65*k + 533. Calculate v(-9).
-52
Let k(m) = 7*m**2 + 55*m - 30. What is k(-9)?
42
Let g(t) = -4*t**2 - 51*t + 13. Give g(-14).
-57
Let s(d) = -d**2 - 47*d - 1323. Determine s(-34).
-881
Let k(q) = -q**2 - 33*q - 65. Determine k(-27).
97
Let k(a) = 8*a + 739. Calculate k(-57).
283
Let b(d) = -633*d + 50641. Give b(80).
1
Let p(r) = -2*r**3 + 4*r**2 + 15*r + 10. What is p(8)?
-638
Let o(h) = -h**3 - 31*h**2 - 600*h - 13301. Calculate o(-27).
-17
Let a(p) = 2*p**3 - 91*p**2 + 46*p - 82. Determine a(45).
-37
Let c(w) = 23*w**2 - 12*w + 19. Determine c(3).
190
Let x(o) = -1306*o - 13049. Calculate x(-10).
11
Let n(k) = -9*k**3 - 3*k**2 + 4*k - 2. Determine n(2).
-78
Let h(f) = 28*f - 1007. Calculate h(35).
-27
Let a(u) = -81*u + 3499. Give a(43).
16
Let z(j) = j**2 + 28*j - 601. Calculate z(-42).
-13
Let y(z) = -z**3 + 13*z**2 - 32*z + 26. What is y(9)?
62
Let m(p) = -p**2 + 21*p + 20. Determine m(20).
40
Let j(c) = -3*c**3 + 37*c**2 - 12*c + 10. Calculate j(12).
10
Let v(d) = 4*d**3 - 4*d**2 - d + 4. Give v(4).
192
Let z(k) = 2*k**3 + 36*k**2 + 145*k + 2605. Determine z(-18).
-5
Let t(j) = -16*j + 898. What is t(56)?
2
Let y(u) = u**3 - 13*u**2 - 19*u + 205. What is y(9)?
-290
Let f(r) = 199*r + 1621. Calculate f(-8).
29
Let i(b) = b**3 - 37*b**2 - 77*b + 219. Determine i(39).
258
Let l(b) = -6*b**3 + 96*b**2 + 2*b - 33. What is l(16)?
-1
Let b(i) = 3*i**3 - 16*i**2 + 10*i - 24. Give b(5).
1
Let z(u) = -u**2 + 23*u + 141. What is z(17)?
243
Let d(y) = -315*y - 1552. What is d(-5)?
23
Let p(t) = 51*t**2 + 301*t - 22. Calculate p(-6).
8
Let t(p) = -1958*p - 11748. Give t(-6).
0
Let o(c) = -2*c**2 - 624*c + 619. Calculate o(1).
-7
Let v(f) = 3*f**2 + 1513*f + 13372. Calculate v(-9).
-2
Let s(p) = -153*p + 3983. Determine s(26).
5
Let g(a) = -4*a**3 + 113*a**2 - 26*a - 28. What is g(28)?
28
Let l(z) = z**3 - 18*z**2 - 14*z - 24. Determine l(19).
71
Let w(q) = 48*q**2 + 28*q + 44. Give w(-3).
392
Let o(g) = 3*g**3 - 52*g**2 + 16*g + 5. Give o(17).
-12
Let n(m) = 201*m + 1993. Give n(-10).
-17
Let w(j) = j**3 - 5*j**2 - 73*j + 23. Determine w(12).
155
Let s(y) = -5*y**2 + 3. What is s(5)?
-122
Let z(o) = -632*o - 3162. Give z(-5).
-2
Let a(c) = c + 214. Calculate a(22).
236
Let l(d) = d**2 - 20*d - 40. Calculate l(-4).
56
Let c(x) = 209*x - 1471. Determine c(7).
-8
Let j(c) = -29*c - 122. Give j(21).
-731
Let y(o) = 30*o + 213. What is y(1)?
243
Let r(m) = -7*m**3 - 5*m**2 + m + 5. What is r(1)?
-6
Let t(k) = -k**3 + 67*k**2 - 850*k + 3. Calculate t(50).
3
Let c(u) = u**2 + 394*u - 1996. Give c(5).
-1
Let c(t) = 3*t**3 - 11*t**2 - 13*t + 153. Determine c(6).
327
Let r(b) = -93*b + 9289. Determine r(100).
-11
Let g(p) = p**2 - 5*p - 104. Determine g(-10).
46
Let b(t) = -11544*t + 69259. Calculate b(6).
-5
Let b(y) = -y**2 - 50*y + 6430. Determine b(59).
-1
Let o(p) = -213*p + 1055. What is o(7)?
-436
Let u(b) = -b**3 - 20*b**2 - 81*b - 13. Calculate u(-5).
17
Let v(h) = -4*h**2 + 125*h + 60. Calculate v(32).
-36
Let o(k) = k**3 + 5*k**2 + 131*k - 24. Give o(0).
-24
Let u(g) = -4*g**3 - 79*g**2 - 391*g + 25. What is u(-10)?
35
Let l(x) = 811*x - 5686. Determine l(7).
-9
Let m(l) = -231*l**2 - 6*l. What is m(-1)?
-225
Let c(q) = -47*q - 278. Determine c(-6).
4
Let o(q) = 11*q**3 - 30*q**2 + 13*q - 47. Calculate o(3).
19
Let g(f) = 2*f**2 + 21*f - 786. Determine g(-26).
20
Let f(g) = 234*g + 1775. Give f(-8).
-97
Let c(u)